l) = 3*l**2 - 71*l - 94. Suppose 192 = -725*o + 731*o. Is w(o) composite?
True
Suppose 9*w - 12*w = 0, -4 = -c - 5*w. Suppose 5*b - c*u = u + 3150, -4*b + u = -2517. Is b prime?
False
Suppose -990 + 78 = -i. Let f = 528 + -883. Let m = i + f. Is m a prime number?
True
Suppose -3*t + 10 = 5*r, -2*t = 4*r - 11 + 3. Is (-19)/57*(-68334)/r a composite number?
True
Let j = -1247 + 11278. Is j a composite number?
True
Suppose 0 = 3*f - 3*n, 0*n = 4*f - 5*n + 2. Suppose -s + 5 = -f. Suppose 0 = -s*x + 82 + 541. Is x a prime number?
True
Let q be 2/3*285/38. Let c(i) = -164*i**3 + 1 - 3*i - q*i + i**2 + 2*i + 5*i. Is c(-2) composite?
False
Let h(z) = 16*z**2 + 128*z - 19981. Is h(119) a composite number?
False
Let o be (3 + 3 + 0)/(9 + -6). Let m = -465 + 816. Suppose -2*q = o*y - y - 124, -q - m = -3*y. Is y prime?
False
Suppose 1466*d - 8819498 = 1432*d. Is d a prime number?
True
Suppose -3*n + 11 = 5*a, -2*n + 2*a = 2*n - 32. Suppose 0 = 4*u - 3*j + 230406, 0 = j - 101 + 99. Is (-2)/n + u/(-63) composite?
True
Let m be 3/(9/4)*(8 + 10). Suppose -28 = -2*r + 11*j - 14*j, -5*j + m = 2*r. Suppose -12*d - 5485 = -r*d. Is d prime?
True
Suppose 13*v = -23*v - 6*v. Suppose v = 6*m - 48534 + 1848. Is m prime?
False
Is 172333 - (21/(-5 - -12) + -13) prime?
True
Suppose -6*a + 11285 = -11725. Suppose g + 1134 = -5*c - 12255, 2*g = -c - 2676. Let s = a + c. Is s prime?
False
Suppose 3*h - 192139 = -5*s, h + 18893 = s - 19538. Is s a composite number?
True
Let g = 42994 - -129649. Is g prime?
True
Let d(s) = 20*s**2 + 837*s - 273. Is d(-148) composite?
False
Is (21 + -13 + 38/(-4))*(-74990)/15 a composite number?
False
Is (1 - (-5)/(-3))/(432/(-36190152)) prime?
True
Suppose -i + 188151 = l, 5*i - 33 = -73. Is l a prime number?
True
Let s(r) = 20*r + 2. Let n be s(1). Suppose -798 = -n*l + 15*l. Is (-16790)/(-12) - 19/l prime?
True
Is 42/63*933840 - -5 a composite number?
True
Let c(a) = 32787*a**2 + 127*a + 83. Is c(-7) a prime number?
True
Let p be -1 + (-4)/(-5) + 74/(-5). Let i(a) = -3*a**3 - 13*a**2 + 41*a + 34. Is i(p) composite?
False
Suppose 0 = -50*v + 906134 + 6415316. Suppose 28740 = -11*t + v. Is t a prime number?
False
Suppose 6*t = 165 + 27. Let g = -34 + t. Is g + 1626 - 1 - 0/(-3) a composite number?
True
Let b = 163527 + -2074. Is b a prime number?
True
Let p(o) = -8237*o + 22. Let t be p(-3). Let v = t + 2100. Is v prime?
True
Let g be (-8)/(-20) - 21/15 - 20166. Let k = 29522 + g. Is k a prime number?
False
Let u(l) be the third derivative of -l**6/120 + 4*l**5/15 + 13*l**4/24 - 67*l**3/3 - 21*l**2 + 2. Is u(16) composite?
True
Suppose 5*r + s = 22168, -2709 - 6172 = -2*r - 5*s. Suppose -4*j = 3*n - r, 20 = 5*j - 5. Is n composite?
False
Suppose 5*o = o - 92. Let s = 22 + o. Let y(l) = 516*l**2 - 3*l - 2. Is y(s) a composite number?
True
Let k(u) = -1852*u**3 - 12*u**2 + 15*u - 3. Let c(f) = 2779*f**3 + 18*f**2 - 23*f + 5. Let a(s) = -5*c(s) - 8*k(s). Is a(1) prime?
False
Suppose 52*a - 65*a = -2249. Suppose 3*n = a + 694. Is n prime?
False
Suppose -4*o - 330 = -338. Suppose -o*q - 2304 = -13550. Is q composite?
False
Let u(l) = 386*l**2 + 244*l + 5975. Is u(-23) a composite number?
False
Let d be (-653913)/(-135) - (-1)/5. Suppose -d = -9*z + 4*z + 3*t, 3*z - t - 2904 = 0. Is z composite?
False
Let p be -3 + 20 - -3 - (0 - 0). Suppose -2*k + p = -0*k + 4*y, 0 = k - 3*y + 15. Suppose -3*n + 9*n - 2466 = k. Is n composite?
True
Let t = 288 - 282. Suppose t*o - 36091 = -5*o. Is o composite?
True
Let u be 2/(-8)*-4 + 1. Suppose -30 = u*n + 8*n. Is (-1147)/n - 1 - 11/33 composite?
True
Let s be (660/150)/((-2)/10). Let h(i) = i**3 + 23*i**2 + 21*i + 67. Is h(s) a prime number?
True
Let z(q) = 24277*q**3 + 2*q**2 - 1. Let c be z(1). Let t(n) = n**3 - 15*n**2 - 27*n + 39. Let y be t(25). Suppose -8*g = y - c. Is g a prime number?
True
Let l = -39 - -43. Suppose -2*n + 1343 = n + l*j, n = 5*j + 435. Is (-1)/(((-15)/n)/3) a composite number?
False
Let x be ((-288)/30)/(-8)*25485/3. Suppose s - x = -5*m, 2*m + 3*m = 2*s + 10197. Is m a composite number?
False
Suppose -21 = -3*v, -2939*c + 3*v + 557612 = -2938*c. Is c a composite number?
False
Let x = 265 + -259. Let p(g) = 327*g**3 + 3*g**2 + 4*g + 3. Let j be p(-2). Is x/3*1/(-2)*j prime?
True
Suppose 4*g + g = -3*h + 156, 2*h - 5*g = 79. Let i = 52 - h. Suppose -5*o - 1182 = -4*q, 0 = o - i*o + 8. Is q composite?
True
Suppose 420217 + 303134 + 2407533 = 36*a. Is a composite?
False
Suppose -453028 - 681956 = -39*v + 2487843. Is v a composite number?
False
Let p(s) = -5464*s - 11079. Is p(-29) a composite number?
False
Suppose -11*c = -49665 - 101100 - 159589. Is c a composite number?
True
Let z be (8719 + -2 + 2)*1. Let x = z - 5944. Suppose -5*h - 5*n = -x, -2771 = -5*h - 4*n - 0*n. Is h prime?
False
Suppose 2*x - 470552 = -2*r, x - 3*r = -3*x + 941083. Is x prime?
True
Suppose m - 55 = -10*m. Suppose 2949 = 3*r + 4*a, -4*r - m*a = -9*a - 3932. Is r composite?
False
Let u(j) = 2*j**3 + 2*j**2 + 12*j + 1. Suppose 0 = -22*d + 28*d. Suppose -1 = -3*p - 4*b, 3*p + 5*b + 4 + d = 0. Is u(p) a composite number?
True
Suppose 3*q = -v + 2680529, -62*v + 893499 = q - 67*v. Is q a composite number?
False
Let t(h) = -2*h - 2. Let q be t(-2). Suppose -3 = u - 4*f, 4*u - 12 = q*u - f. Suppose -3*v + 2772 = u*p, -2*v - 3*p + 1034 = -813. Is v a composite number?
False
Let h(c) = 25*c - 70. Let a be h(6). Suppose -69*j = -a*j + 3641. Is j prime?
True
Let m be 7/((-1)/(3/(-9)*-579)). Let d = 3260 + m. Is d composite?
True
Is 6/(-2) - (-1050262)/47 prime?
True
Let w(v) = -30*v**3 - 9*v**2 + 6*v + 29. Let i be w(-8). Is i/(-10)*2/(-1) a prime number?
True
Suppose 0 = -133*t + 129*t + 2*j + 22, -5*j = -5*t + 15. Let a(r) = -r**3 - 6*r**2 - 2*r - 6. Let z be a(-6). Suppose -t*v + 5638 = -z*v. Is v prime?
True
Suppose 3*w - 126795 = -2*b, -2*b + b + 84529 = 2*w. Is w prime?
False
Suppose -z - 12 = 3*m, -4*m + 0*m - 12 = 0. Let y be (z - (-5 + 3))/((-3)/3). Is (-1491 + (-3 - -4))/(-2*y) a prime number?
False
Suppose -5*z - 2*z = 2884. Let a = z - -2295. Is a composite?
True
Let p = -61447 + 127076. Is p prime?
True
Let q be (-2)/(2*4/(-12)). Suppose 0 = q*i - 4*x + 1967, -6*i - x = -4*i + 1315. Let b = -16 - i. Is b prime?
True
Let z(b) = 5*b + 5. Let u be z(-4). Let l be 10/(-4)*(-116)/u*-3. Let c = 89 - l. Is c a prime number?
True
Is -952825*((-6 - -14) + 82/(-10)) prime?
False
Let m(c) = -30*c**3 - 5*c**2 + 5*c - 17. Let a(r) = r**2 - r - 2. Let y(k) = 3*a(k) - m(k). Is y(5) composite?
True
Let k(p) = 1308*p - 673. Is k(54) a prime number?
True
Let r(j) = -675*j - 32. Suppose -6 = 4*g - 3*m + 14, 0 = 4*g + 5*m + 20. Is r(g) a prime number?
True
Let c(v) = -43*v - 43. Let d be c(-13). Let t be (-53)/(7/28 - 2/40). Let y = t + d. Is y a prime number?
True
Is ((-78)/(-429))/((-6)/(-39386721)) a prime number?
True
Let z = -1858 - 1891. Let i = -1776 - z. Is i a composite number?
False
Let x(r) = -4*r + 40. Let v be x(10). Is v + 3348/14 - 8/56 a prime number?
True
Suppose -3*y = -2476 + 709. Let o = y + 1990. Is o prime?
True
Suppose 778188 = 305*d - 293*d. Is d a composite number?
False
Let o(p) = 4*p**3 + 17*p**2 - 63*p + 1125. Is o(32) a prime number?
False
Let t(o) = 4*o**2 - o + 1721. Suppose -3*z + 3*d + 15 = 0, -5*z - 2*d + 4*d = -10. Is t(z) a prime number?
True
Let d(u) = 412121*u**2 - 13*u - 3. Is d(1) composite?
True
Let c(z) = 1377*z**3 - 23*z**2 + 85*z - 2. Is c(5) a composite number?
True
Suppose -15*u - 324 = 3*u. Is (-1803)/(-27) - 4/u prime?
True
Let i be 2 + 0/1 + -7 + 8. Suppose -5*l + 5425 = -3*d - 0*d, i*l - 4*d = 3266. Is l prime?
False
Is (-3 - -10 - 14)*-1 + 218524 composite?
False
Suppose -5*f + 5137 = -4*y, 0*y - 3078 = -3*f + y. Suppose 5*d - f = -v, 1586 = 4*v + 3*d - 2531. Let q = v - 459. Is q a composite number?
False
Let j(w) = -w**2 - 18*w + 25. Let n be j(-15). Let q = -67 + n. Is ((3 + 0)/q)/(3/14133) prime?
False
Is 61/(-549)*(1 - 3124) composite?
False
Let t(y) = 17*y + 11. Let p be t(-1). Is ((-15)/p*-9862)/(-1) a prime number?
False
Suppose 0 = 5*i + 5*c + 16364 - 3609, -12734 = 5*i - 2*c. Let y = 3663 + i. Is y composite?
True
Let t(u) = -u**2 + 7*u. Let w be t(7). Let v be (w/1)/(5 + -7). Suppose v*d + d = 122. Is d prime?
False
Suppose 0 = -16*z - 64 - 16. Is ((-5)/z)/((-3)/